 9073. What is d(11)?
-255
Let w(a) = a**3 - 608*a**2 - 106489*a - 8230. Calculate w(750).
20
Let r(u) = 266*u**3 - 21*u**2 + 53*u - 33. Give r(1).
265
Let v(w) = -61*w + 3108. Calculate v(62).
-674
Let q(m) = 632*m + 123191. Calculate q(-195).
-49
Let w(c) = 689*c - 95736. Calculate w(141).
1413
Let p(w) = -w**2 - 938*w + 133224. Determine p(125).
349
Let w(d) = -2*d**2 - 442*d + 8091. Give w(-238).
-1
Let n(v) = -146977*v - 587892. What is n(-4)?
16
Let s(j) = -946*j**2 + 224*j - 223. What is s(1)?
-945
Let c(w) = 128*w**2 + 3590*w + 165. What is c(-28)?
-3
Let o(r) = -201*r**2 - 862*r + 722. Determine o(-5).
7
Let k(x) = -23609*x + 1274884. What is k(54)?
-2
Let y(j) = 29832*j - 4802945. Give y(161).
7
Let m(u) = 110480*u - 8175528. What is m(74)?
-8
Let p(a) = 6*a**2 + 550*a + 4422. Determine p(-8).
406
Let n(u) = -u**3 - 113*u**2 - 2280*u - 1561. Calculate n(-87).
5
Let w(p) = -2*p**3 - 14*p**2 + 708*p + 2947. Give w(-4).
19
Let s(z) = 791726*z - 10292466. What is s(13)?
-28
Let j(o) = -o**3 + 115*o**2 - 1902*o + 149. Calculate j(95).
-41
Let t(a) = -61*a - 1692. What is t(-28)?
16
Let x(f) = -159938*f + 479808. Give x(3).
-6
Let y(s) = -s**3 + 13*s**2 + 2927*s - 124. Give y(-48).
-76
Let o(a) = 12*a**2 - 303*a - 1704. What is o(-5)?
111
Let h(r) = 2*r**3 + 16*r**2 + 526*r + 3195. Calculate h(-6).
183
Let s(n) = -n**2 + 4855*n - 62988. Calculate s(13).
-42
Let p(f) = 1641*f - 24520. Give p(15).
95
Let i(a) = 73*a - 862. Calculate i(16).
306
Let w(j) = 267*j - 86610. What is w(324)?
-102
Let r(k) = -3*k**2 + 74*k + 3008. Determine r(-28).
-1416
Let c(p) = 483*p - 5998. Calculate c(14).
764
Let v(q) = 2*q**3 - 580*q**2 - 2948*q - 733. Determine v(295).
-143
Let l(d) = -864*d**2 + 11922*d + 2484. Calculate l(14).
48
Let r(v) = -5841*v + 5798. Determine r(1).
-43
Let w(i) = 32*i**2 + 1107*i - 446. Calculate w(-35).
9
Let n(v) = -14760*v + 516593. What is n(35)?
-7
Let b(q) = q**3 + 3*q**2 - 1173*q + 5646. Give b(5).
-19
Let m(g) = -699*g + 191566. Determine m(274).
40
Let d(y) = -y**3 + 21*y**2 + 204*y - 3993. Give d(13).
11
Let a(h) = -14696*h + 12888393. Give a(877).
1
Let z(l) = 517*l**2 + 448*l - 891. Give z(2).
2073
Let i(q) = -5552*q + 3780860. What is i(681)?
-52
Let o(g) = -2*g**3 + 18*g**2 + 372*g + 5. What is o(-10)?
85
Let p(t) = -3*t**2 + 104*t + 1161. Determine p(-10).
-179
Let r(z) = -3*z**3 + 170*z**2 - 1865*z + 727. What is r(42)?
13
Let g(p) = 5305*p**2 + 31840*p + 53. Give g(-6).
-7
Let x(n) = n**2 - 235636*n - 7069969. Calculate x(-30).
11
Let n(m) = m**2 - 17247*m - 69007. Determine n(-4).
-3
Let m(p) = p**3 + 71*p**2 + 47*p + 3127. Determine m(-71).
-210
Let u(y) = 12*y**3 + 118*y**2 - 42*y + 27. Give u(-11).
-1205
Let o(c) = -508*c - 21691. Give o(-40).
-1371
Let m(b) = 39*b - 4369. Give m(112).
-1
Let g(r) = -66*r**2 - 3561*r + 119. Determine g(-54).
-43
Let z(o) = -1465*o + 20374. Calculate z(14).
-136
Let x(d) = d**2 + 24*d - 293. Give x(12).
139
Let h(v) = 1272*v + 381638. Determine h(-300).
38
Let i(f) = 291*f + 60851. Give i(-210).
-259
Let t(f) = -353*f**3 - f**2 - 735*f - 736. Determine t(-1).
351
Let u(y) = y**3 + 45*y**2 - 101*y - 264. Calculate u(-48).
-2328
Let h(w) = 17*w + 1117. Give h(-35).
522
Let z(a) = -119*a - 31357. Give z(-264).
59
Let x(t) = -75*t - 1356. What is x(-18)?
-6
Let f(i) = 1419*i + 4240. What is f(-3)?
-17
Let z(u) = u**2 - 369*u + 20703. Give z(300).
3
Let n(y) = 56818*y + 1306806. Determine n(-23).
-8
Let p(s) = -138*s + 27376. Calculate p(203).
-638
Let b(i) = -6*i**3 + 217*i**2 - 52*i + 621. Calculate b(36).
45
Let o(l) = -410805*l + 10270130. What is o(25)?
5
Let q(u) = -81029*u + 4375526. Give q(54).
-40
Let a(r) = 2424*r - 15435. Give a(7).
1533
Let b(l) = l**2 - 2198*l - 926742. What is b(-362)?
-22
Let j(w) = -20382*w - 203606. Calculate j(-10).
214
Let u(a) = a**3 - 9*a**2 + 7*a - 107. Give u(10).
63
Let z(y) = 3342*y + 334205. What is z(-100)?
5
Let i(h) = h**2 + 66231*h + 3639623. Give i(-55).
-57
Let x(v) = -1466*v - 8248. What is x(-4)?
-2384
Let j(p) = 101718*p - 3153271. What is j(31)?
-13
Let d(x) = 1224*x - 24580. Calculate d(20).
-100
Let w(y) = 46*y**3 - 320*y**2 + 537*y + 14. Determine w(3).
-13
Let n(g) = g**3 + 161*g**2 - 4232*g + 7. Calculate n(-184).
7
Let z(k) = -k**3 + 92*k**2 + 460*k + 170. What is z(97)?
-2255
Let s(x) = 206*x**2 - 20582*x + 363. What is s(100)?
2163
Let v(u) = u**3 - 352*u**2 + 1668*u + 23254. What is v(347)?
5
Let k(r) = -5*r**2 - 99*r - 4233. What is k(-24)?
-4737
Let l(w) = w**2 - 368*w + 20406. Determine l(68).
6
Let z(w) = -w**3 + 2*w**2 - 727*w + 4459. Calculate z(6).
-47
Let c(t) = 3*t**2 + 330*t + 14001. Calculate c(-53).
4938
Let k(a) = 1208*a + 123276. Calculate k(-102).
60
Let m(q) = 941*q - 10501. Calculate m(11).
-150
Let t(x) = -416*x - 102403. Give t(-253).
2845
Let r(y) = -1918*y**2 + 28762*y + 125. What is r(15)?
5
Let z(c) = c**3 - 31*c**2 - 74*c + 3769. Give z(28).
-655
Let g(y) = -y**3 - 84*y**2 - 172*y - 803. What is g(-82)?
-147
Let r(d) = -247*d + 24639. Calculate r(97).
680
Let q(l) = 175*l**2 - 1512*l + 2324. Give q(2).
0
Let c(r) = -r**3 - 69*r**2 - 68*r + 382. What is c(-3)?
-8
Let n(x) = 47*x - 153. Determine n(-4).
-341
Let v(c) = -46977*c + 657614. What is v(14)?
-64
Let g(c) = -9257*c - 38313. What is g(-4)?
-1285
Let g(u) = -3*u**2 + 227*u + 16009. Give g(120).
49
Let p(i) = i**3 + 278*i**2 - 2896*i + 194. Calculate p(10).
34
Let p(m) = -m**3 - 68*m**2 + 5*m - 277. Calculate p(-68).
-617
Let g(q) = -q**3 + 17*q**2 - 2365*q + 40226. What is g(17)?
21
Let o(q) = -q**2 + 25*q + 37272. What is o(-181)?
-14
Let a(i) = -2*i**3 + 11*i**2 - 31*i + 80. Determine a(4).
4
Let i(h) = 43853*h - 43860. Determine i(1).
-7
Let p(d) = 150*d - 1195. What is p(14)?
905
Let d(o) = o**3 - 2*o**2 + 153*o + 64. Determine d(0).
64
Let y(z) = 147669*z + 5168393. Determine y(-35).
-22
Let d(n) = 57*n**2 - 739*n + 19. Give d(13).
45
Let x(a) = -a**3 - 78*a**2 + 1212*a + 11944. What is x(-90)?
64
Let p(d) = 118*d + 3588. Give p(-31).
-70
Let q(f) = f**3 + 222*f**2 + 12312*f + 21. Determine q(-108).
21
Let f(h) = 3*h**3 - 7*h**2 - 121*h + 387. Determine f(4).
-17
Let s(x) = -30*x**2 - 892*x + 5522. Calculate s(-35).
-8
Let w(c) = -25051*c - 1452956. Give w(-58).
2
Let c(t) = -1194*t - 306857. Determine c(-257).
1
Let j(a) = -34*a**2 + 13*a + 1191. Determine j(6).
45
Let o(f) = 14*f**2 - 1180*f + 3558. Determine o(3).
144
Let a(h) = -2*h**3 + 1220*h + 18. What is a(0)?
18
Let u(k) = k**3 + 41*k**2 + 196*k - 46. What is u(-6)?
38
Let d(u) = 27*u**3 + 2533*u**2 - 471*u - 203. Calculate d(-94).
-109
Let t(p) = 3308*p + 56007. Give t(-17).
-229
Let b(l) = -6*l**3 - 45*l**2 + 572*l + 4391. What is b(-8)?
7
Let r(c) = -110*c - 48. What is r(-13)?
1382
Let z(x) = -4*x**2 - 128*x - 979. What is z(-12)?
-19
Let a(m) = -m**3 + 9*m**2 + 325*m - 1704. Give a(5).
21
Let q(j) = j**3 + 122*j**2 - 484*j + 6. Give q(4).
86
Let n(u) = -2*u**3 + 1113*u**2 - 338*u - 121148. Give n(556).
60
Let z(m) = 44310*m + 487402. Calculate z(-11).
-8
Let j(u) = -3937*u - 58557. What is j(-15)?
498
Let k(j) = 903*j - 17323. Determine k(16).
-2875
Let t(v) = -2*v**3 - 117*v**2 - 269*v + 6039. Calculate t(-55).
-341
Let l(o) = -639*o + 74127. Give l(116).
3
Let x(w) = -192*w**2 - 713*w + 2. Determine x(-4).
-218
Let c(g) = -g**3 - 968*g**2 + 1907*g - 32026. Give c(-970).
-16
Let u(l) = l**2 + 375*l - 4229. What is u(11)?
17
Let g(b) = 9402*b - 1250449. Calculate g(133).
17
Let z(y) = -y**3 + 74*y**2 - 1228*y + 13. Calculate z(25).
-62
Let h(t) = -785*t + 224499. Determine h(286).
-11
Let t(q) = -15*q**3 + 571*q**2 - 66*q + 1023. Calculate t(38).
-41
Let g(b) = 880*b**2 - 64250*b + 203. What is g(73)?
-527
Let p(n) = 60*n**2 + 63*n - 81. What is p(-8)?
3255
Let t(h) = 1812*h + 27175. Determine t(-15).
-5
Let m(s) = -95*s + 1476. Give m(17).
-139
Let n(q) = -q**3 + 60*q**2 - 3799*q + 235460. Determine n(61).
0
Let a(g) = -7*g**3 + 32*g**2 + 91*g + 20. Give a(-3).
224
Let a(p) = -2*p**3 - 927*p**2 + 13859*p - 1465. What is a(-478)?
-31
Let c(r) = -2*r**2 + 166*r + 618. Calculate c(73).
2078
Let x(i) = -i**3 - 2520*i + 2521. Give x(1).
0
Let t(n) = -n**3 + 388*n**2 - 3455*n + 16677. Determine t(379).
1
Let s(f) = -f**2 - 202*f - 1854. Calculate s(-10).
66
Let q(l) = -90*l*